{"id":681,"date":"2020-10-07T09:21:09","date_gmt":"2020-10-07T09:21:09","guid":{"rendered":"http:\/\/dev.linkandgrow.pt\/aeroffice\/?page_id=681"},"modified":"2025-05-12T18:03:14","modified_gmt":"2025-05-12T16:03:14","slug":"tarifs","status":"publish","type":"page","link":"https:\/\/aeroffice.fr\/index.php\/tarifs\/","title":{"rendered":"Tarifs"},"content":{"rendered":"\t\t<div data-elementor-type=\"wp-post\" data-elementor-id=\"681\" class=\"elementor elementor-681\">\n\t\t\t\t\t\t<section class=\"elementor-section elementor-top-section elementor-element elementor-element-e677f8f elementor-section-boxed elementor-section-height-default elementor-section-height-default\" data-id=\"e677f8f\" data-element_type=\"section\" data-e-type=\"section\">\n\t\t\t\t\t\t<div class=\"elementor-container elementor-column-gap-default\">\n\t\t\t\t\t<div class=\"elementor-column elementor-col-16 elementor-top-column elementor-element elementor-element-fbd3efa\" data-id=\"fbd3efa\" data-element_type=\"column\" data-e-type=\"column\">\n\t\t\t<div class=\"elementor-widget-wrap\">\n\t\t\t\t\t\t\t<\/div>\n\t\t<\/div>\n\t\t\t\t<div class=\"elementor-column elementor-col-66 elementor-top-column elementor-element elementor-element-d33ad39\" data-id=\"d33ad39\" data-element_type=\"column\" data-e-type=\"column\">\n\t\t\t<div class=\"elementor-widget-wrap elementor-element-populated\">\n\t\t\t\t\t\t<div class=\"elementor-element elementor-element-364f505 elementor-widget elementor-widget-text-editor\" data-id=\"364f505\" data-element_type=\"widget\" data-e-type=\"widget\" data-widget_type=\"text-editor.default\">\n\t\t\t\t<div class=\"elementor-widget-container\">\n\t\t\t\t\t\t\t\t\t<h1>Tarifs<\/h1><h4>\u00a0<\/h4>\t\t\t\t\t\t\t\t<\/div>\n\t\t\t\t<\/div>\n\t\t\t\t<div class=\"elementor-element elementor-element-49ee2ce elementor-widget elementor-widget-text-editor\" data-id=\"49ee2ce\" data-element_type=\"widget\" data-e-type=\"widget\" id=\"tarifs\" data-widget_type=\"text-editor.default\">\n\t\t\t\t<div class=\"elementor-widget-container\">\n\t\t\t\t\t\t\t\t\t<div style=\"overflow-x: auto;\"><table><tbody><tr><td width=\"190\"><strong><b>ESPACES<\/b><\/strong><\/td><td width=\"190\"><strong><b>1\/2 JOURN\u00c9E<\/b><\/strong><\/td><td width=\"190\"><strong><b>JOURN\u00c9E<\/b><\/strong><\/td><td width=\"190\"><strong><b>FORFAIT 10 JOURS *<\/b><\/strong><\/td><td width=\"190\"><strong><b>FORFAIT MOIS **<\/b><\/strong><\/td><\/tr><tr><td width=\"190\">Espace lounge<\/td><td width=\"190\">10\u20ac HT<\/td><td width=\"190\">16\u20ac HT<\/td><td width=\"190\">128\u20ac HT<\/td><td width=\"190\">240\u20ac HT<\/td><\/tr><tr><td width=\"190\">Espace a\u00e9rien<\/td><td width=\"190\">15\u20ac HT<\/td><td width=\"190\">20\u20ac HT<\/td><td width=\"190\">160\u20ac HT<\/td><td width=\"190\">300\u20ac HT<\/td><\/tr><tr><td width=\"190\">Espace navigation<\/td><td width=\"190\">15\u20ac HT<\/td><td width=\"190\">20\u20ac HT<\/td><td width=\"190\">160\u20ac HT<\/td><td width=\"190\">300\u20ac HT<\/td><\/tr><tr><td width=\"190\">Espace contr\u00f4leur<\/td><td width=\"190\">20\u20ac HT<\/td><td width=\"190\">30\u20ac HT<\/td><td width=\"190\">240\u20ac HT<\/td><td width=\"190\">450\u20ac HT<\/td><\/tr><tr><td width=\"190\">\u00a0<\/td><td width=\"190\">\u00a0<\/td><td width=\"190\">\u00a0<\/td><td width=\"190\">\u00a0<\/td><td width=\"190\">\u00a0<\/td><\/tr><\/tbody><\/table><table style=\"height: 244px;\" width=\"604\"><tbody><tr><td width=\"190\"><strong><b>SALLE DE REUNION<\/b><\/strong><\/td><td width=\"190\"><strong><b>HEURE<\/b><\/strong><\/td><td width=\"190\"><strong><b>1\/2 JOURN\u00c9E<\/b><\/strong><\/td><td width=\"190\"><strong><b>JOURN\u00c9E<\/b><\/strong><\/td><td width=\"190\"><strong><b>SOIR\u00c9E (du lundi au jeudi)***<\/b><\/strong><\/td><\/tr><tr><td width=\"190\">Salle Steward (4-8 personnes)<\/td><td width=\"190\">20\u20ac HT<\/td><td width=\"190\">50\u20ac HT<\/td><td width=\"190\">75\u20ac HT<\/td><td width=\"190\">\u00a0<\/td><\/tr><tr><td width=\"190\">Salle Briefing (10-20 personnes)<\/td><td width=\"190\">40\u20ac HT<\/td><td width=\"190\">100\u20ac HT<\/td><td width=\"190\">150\u20ac HT<\/td><td width=\"190\">166,66\u20ac HT<\/td><\/tr><tr><td width=\"190\">Salle Cockpit (8 personnes)<\/td><td width=\"190\">40\u20ac HT<\/td><td width=\"190\">100\u20ac HT<\/td><td width=\"190\">150\u20ac HT<\/td><td width=\"190\">166,66\u20ac HT<\/td><\/tr><tr><td width=\"190\">Salle Embarquement (99 personnes)<\/td><td width=\"190\">80\u20ac HT<\/td><td width=\"190\">200\u20ac HT<\/td><td width=\"190\">300\u20ac HT<\/td><td width=\"190\">275\u20ac HT<\/td><\/tr><\/tbody><\/table><table style=\"height: 190px;\" width=\"599\"><tbody><tr><td width=\"190\"><strong><b>BUREAUX FERM\u00c9S<\/b><\/strong><\/td><td width=\"190\"><strong><b>HEURE<\/b><\/strong><\/td><td width=\"190\"><strong><b>1\/2 JOURN\u00c9E<\/b><\/strong><\/td><td width=\"190\"><strong><b>JOURN\u00c9E<\/b><\/strong><\/td><td width=\"190\"><strong><b>MOIS<\/b><\/strong><\/td><\/tr><tr><td width=\"190\">Bureau du commandant<\/td><td width=\"190\">20\u20ac HT<\/td><td width=\"190\">60\u20ac HT<\/td><td width=\"190\">100\u20ac HT<\/td><td width=\"190\">1400\u20ac HT<\/td><\/tr><tr><td width=\"190\">Bureau du pilote 1 ou 2<\/td><td width=\"190\">10\u20ac HT<\/td><td width=\"190\">30\u20ac HT<\/td><td width=\"190\">50\u20ac HT<\/td><td width=\"190\">550\u20ac HT<\/td><\/tr><tr><td width=\"190\">Bureau du copilote 1 ou 2<\/td><td width=\"190\">15\u20ac HT<\/td><td width=\"190\">40\u20ac HT<\/td><td width=\"190\">62.50\u20ac HT<\/td><td width=\"190\">600\u20ac HT<\/td><\/tr><\/tbody><\/table><table><tbody><tr><td width=\"190\"><strong><b>DOMICILIATION<\/b><\/strong><\/td><td width=\"190\"><strong>SEULE<\/strong><\/td><td width=\"190\"><strong>AVEC REEXPEDITION DU COURRIER<\/strong><\/td><td width=\"190\"><strong>AVEC SCAN + COURRIER<\/strong><\/td><\/tr><tr><td width=\"190\"><strong><b>Engagement de 6 mois minimum<\/b><\/strong><\/td><td width=\"190\">40\u20ac HT<\/td><td width=\"190\">70\u20ac HT<\/td><td width=\"190\">100\u20ac HT<\/td><\/tr><\/tbody><\/table><table><tbody><tr><td width=\"190\"><strong><b>PHOTOCOPIES<\/b><\/strong><\/td><td width=\"190\"><strong>NOIR &amp; BLANC<\/strong><\/td><td width=\"190\"><strong>COULEUR<\/strong><\/td><\/tr><tr><td width=\"190\">Par copie A4<\/td><td width=\"190\">0,15 \u20ac TTC<\/td><td width=\"190\">0,50\u20ac TTC<\/td><\/tr><\/tbody><\/table><table><tbody><tr><td width=\"190\"><strong><b>SECR\u00c9TARIAT<\/b><\/strong><\/td><td width=\"190\"><strong><b>1\/2 HEURE<\/b><\/strong><\/td><td width=\"190\"><strong><b>HEURE<\/b><\/strong><\/td><\/tr><tr><td width=\"190\">\u00a0<\/td><td width=\"190\">25\u20ac HT<\/td><td width=\"190\">50\u20ac HT<\/td><\/tr><\/tbody><\/table><table><tbody><tr><td width=\"190\"><strong><b>BOISSONS<\/b><\/strong><\/td><td width=\"190\"><strong><b>CANNETTE<\/b><\/strong><\/td><td width=\"190\"><strong><b>BOUTEILLE<\/b><\/strong><\/td><\/tr><tr><td width=\"190\">\u00a0<\/td><td width=\"190\">1,50\u20ac TTC<\/td><td width=\"190\">1,50\u20ac TTC<\/td><\/tr><\/tbody><\/table><\/div><p>* : 1 au 30 du mois<br \/>** : Si engagement de 6 mois = domiciliation offerte (40\u20ac HT)<\/p><p>***: Pour vendredi soir et week-end contactez nous au 01 30 47 40 95<\/p><p><strong>Offre \u00e9tudiants (sur pr\u00e9sentation du titre \u00e9tudiant) de -20% sur les tarifs propos\u00e9s<\/strong><\/p>\t\t\t\t\t\t\t\t<\/div>\n\t\t\t\t<\/div>\n\t\t\t\t\t<\/div>\n\t\t<\/div>\n\t\t\t\t<div class=\"elementor-column elementor-col-16 elementor-top-column elementor-element elementor-element-af5cfb5\" data-id=\"af5cfb5\" data-element_type=\"column\" data-e-type=\"column\">\n\t\t\t<div class=\"elementor-widget-wrap\">\n\t\t\t\t\t\t\t<\/div>\n\t\t<\/div>\n\t\t\t\t\t<\/div>\n\t\t<\/section>\n\t\t\t\t<section class=\"elementor-section elementor-top-section elementor-element elementor-element-3491042f elementor-section-boxed elementor-section-height-default elementor-section-height-default\" data-id=\"3491042f\" data-element_type=\"section\" data-e-type=\"section\" data-settings=\"{&quot;background_background&quot;:&quot;classic&quot;}\">\n\t\t\t\t\t\t\t<div class=\"elementor-background-overlay\"><\/div>\n\t\t\t\t\t\t\t<div class=\"elementor-container elementor-column-gap-default\">\n\t\t\t\t\t<div class=\"elementor-column elementor-col-100 elementor-top-column elementor-element elementor-element-4b97d34a\" data-id=\"4b97d34a\" data-element_type=\"column\" data-e-type=\"column\">\n\t\t\t<div class=\"elementor-widget-wrap elementor-element-populated\">\n\t\t\t\t\t\t<div class=\"elementor-element elementor-element-3d8b340a elementor-widget elementor-widget-text-editor\" data-id=\"3d8b340a\" data-element_type=\"widget\" data-e-type=\"widget\" id=\"cta-p\" data-widget_type=\"text-editor.default\">\n\t\t\t\t<div class=\"elementor-widget-container\">\n\t\t\t\t\t\t\t\t\t<p>Effectuer une demande de r\u00e9servation<\/p>\t\t\t\t\t\t\t\t<\/div>\n\t\t\t\t<\/div>\n\t\t\t\t<div class=\"elementor-element elementor-element-78f88ace elementor-align-center elementor-widget elementor-widget-button\" data-id=\"78f88ace\" data-element_type=\"widget\" data-e-type=\"widget\" data-widget_type=\"button.default\">\n\t\t\t\t<div class=\"elementor-widget-container\">\n\t\t\t\t\t\t\t\t\t<div class=\"elementor-button-wrapper\">\n\t\t\t\t\t<a class=\"elementor-button elementor-button-link elementor-size-sm\" href=\"http:\/\/aeroffice.fr\/index.php\/contact\/\">\n\t\t\t\t\t\t<span class=\"elementor-button-content-wrapper\">\n\t\t\t\t\t\t<span class=\"elementor-button-icon\">\n\t\t\t\t<i aria-hidden=\"true\" class=\"fas fa-arrow-right\"><\/i>\t\t\t<\/span>\n\t\t\t\t\t\t\t\t\t<span class=\"elementor-button-text\">R\u00e9server un espace<\/span>\n\t\t\t\t\t<\/span>\n\t\t\t\t\t<\/a>\n\t\t\t\t<\/div>\n\t\t\t\t\t\t\t\t<\/div>\n\t\t\t\t<\/div>\n\t\t\t\t\t<\/div>\n\t\t<\/div>\n\t\t\t\t\t<\/div>\n\t\t<\/section>\n\t\t\t\t<\/div>\n\t\t","protected":false},"excerpt":{"rendered":"<p>Tarifs \u00a0 ESPACES 1\/2 JOURN\u00c9E JOURN\u00c9E FORFAIT 10 JOURS * FORFAIT MOIS ** Espace lounge 10\u20ac HT 16\u20ac HT 128\u20ac HT 240\u20ac HT Espace a\u00e9rien 15\u20ac HT 20\u20ac HT 160\u20ac HT 300\u20ac HT Espace navigation 15\u20ac HT 20\u20ac HT 160\u20ac HT 300\u20ac HT Espace contr\u00f4leur 20\u20ac HT 30\u20ac HT 240\u20ac HT 450\u20ac HT \u00a0 \u00a0 [&hellip;]<\/p>\n","protected":false},"author":1,"featured_media":0,"parent":0,"menu_order":0,"comment_status":"closed","ping_status":"closed","template":"page-templates\/pagebuilder.php","meta":{"footnotes":""},"class_list":["post-681","page","type-page","status-publish","hentry"],"_links":{"self":[{"href":"https:\/\/aeroffice.fr\/index.php\/wp-json\/wp\/v2\/pages\/681"}],"collection":[{"href":"https:\/\/aeroffice.fr\/index.php\/wp-json\/wp\/v2\/pages"}],"about":[{"href":"https:\/\/aeroffice.fr\/index.php\/wp-json\/wp\/v2\/types\/page"}],"author":[{"embeddable":true,"href":"https:\/\/aeroffice.fr\/index.php\/wp-json\/wp\/v2\/users\/1"}],"replies":[{"embeddable":true,"href":"https:\/\/aeroffice.fr\/index.php\/wp-json\/wp\/v2\/comments?post=681"}],"version-history":[{"count":38,"href":"https:\/\/aeroffice.fr\/index.php\/wp-json\/wp\/v2\/pages\/681\/revisions"}],"predecessor-version":[{"id":1469,"href":"https:\/\/aeroffice.fr\/index.php\/wp-json\/wp\/v2\/pages\/681\/revisions\/1469"}],"wp:attachment":[{"href":"https:\/\/aeroffice.fr\/index.php\/wp-json\/wp\/v2\/media?parent=681"}],"curies":[{"name":"wp","href":"https:\/\/api.w.org\/{rel}","templated":true}]}}